git of 971966527?
6
What is the ten millions digit of 3071706854?
7
What is the units digit of 455006827?
7
What is the units digit of 18708972?
2
What is the ten millions digit of 52903612?
5
What is the ten thousands digit of 36405360?
0
What is the ten thousands digit of 1140516907?
1
What is the ten millions digit of 5640149180?
4
What is the hundred millions digit of 342199920?
3
What is the millions digit of 850182110?
0
What is the units digit of 6022855?
5
What is the units digit of 82321090?
0
What is the ten millions digit of 443228597?
4
What is the thousands digit of 233197527?
7
What is the ten millions digit of 2353330476?
5
What is the ten millions digit of 597454052?
9
What is the hundred thousands digit of 16977588?
9
What is the billions digit of 4697041878?
4
What is the tens digit of 227024720?
2
What is the millions digit of 17757155?
7
What is the hundred thousands digit of 2475214527?
2
What is the ten millions digit of 312729546?
1
What is the millions digit of 50466647?
0
What is the ten millions digit of 25529643?
2
What is the tens digit of 2795070174?
7
What is the ten thousands digit of 27460259?
6
What is the millions digit of 3743022758?
3
What is the ten millions digit of 26207325?
2
What is the tens digit of 241847439?
3
What is the millions digit of 48289387?
8
What is the hundred thousands digit of 2456558808?
5
What is the thousands digit of 78725111?
5
What is the billions digit of 3189924235?
3
What is the units digit of 5291609687?
7
What is the tens digit of 646093074?
7
What is the ten thousands digit of 418416112?
1
What is the ten millions digit of 5654707132?
5
What is the tens digit of 16027638?
3
What is the hundred thousands digit of 113452251?
4
What is the ten millions digit of 7156131466?
5
What is the thousands digit of 90005810?
5
What is the ten thousands digit of 24803778?
0
What is the ten thousands digit of 97166808?
6
What is the thousands digit of 109010568?
0
What is the hundred thousands digit of 4138400938?
4
What is the units digit of 43860599?
9
What is the ten thousands digit of 869437577?
3
What is the hundred thousands digit of 82192885?
1
What is the ten thousands digit of 45042578?
4
What is the thousands digit of 454843507?
3
What is the units digit of 4842018?
8
What is the millions digit of 1452306337?
2
What is the hundreds digit of 14868386?
3
What is the tens digit of 699074047?
4
What is the millions digit of 182721634?
2
What is the thousands digit of 54289890?
9
What is the hundred millions digit of 102775361?
1
What is the hundred millions digit of 299641111?
2
What is the millions digit of 519065373?
9
What is the millions digit of 6113411?
6
What is the millions digit of 233563222?
3
What is the ten thousands digit of 99565770?
6
What is the hundred millions digit of 1072679339?
0
What is the hundred thousands digit of 11403389?
4
What is the hundred thousands digit of 32611958?
6
What is the millions digit of 61802958?
1
What is the ten thousands digit of 103308531?
0
What is the millions digit of 72984155?
2
What is the ten thousands digit of 1380527954?
2
What is the hundreds digit of 160999922?
9
What is the hundred millions digit of 113000604?
1
What is the ten millions digit of 15655585?
1
What is the hundreds digit of 227643231?
2
What is the millions digit of 37250079?
7
What is the hundreds digit of 1743382907?
9
What is the thousands digit of 45191129?
1
What is the ten thousands digit of 166324853?
2
What is the ten millions digit of 138449656?
3
What is the billions digit of 5765987479?
5
What is the ten thousands digit of 44490933?
9
What is the tens digit of 167454562?
6
What is the ten thousands digit of 635903439?
0
What is the billions digit of 1069662921?
1
What is the units digit of 171523908?
8
What is the ten millions digit of 1029169158?
2
What is the millions digit of 438867104?
8
What is the hundreds digit of 54789326?
3
What is the billions digit of 1066424509?
1
What is the ten thousands digit of 10420799?
2
What is the hundred millions digit of 558388929?
5
What is the millions digit of 30330162?
0
What is the thousands digit of 577916621?
6
What is the units digit of 951478762?
2
What is the thousands digit of 38791638?
1
What is the hundreds digit of 21124963?
9
What is the millions digit of 50168278?
0
What is the hundred thousands digit of 165910150?
9
What is the hundreds digit of 438772895?
8
What is the tens digit of 2532033726?
2
What is the ten thousands digit of 137590855?
9
What is the hundreds digit of 27020284?
2
What is the thousands digit of 86596020?
6
What is the ten thousands digit of 96615654?
1
What is the units digit of 901511922?
2
What is the thousands digit of 608668381?
8
What is the units digit of 536829306?
6
What is the hundreds digit of 90013352?
3
What is the units digit of 160930577?
7
What is the ten thousands digit of 855865059?
6
What is the tens digit of 618619823?
2
What is the thousands digit of 896553549?
3
What is the ten millions digit of 144353330?
4
What is the tens digit of 28763134?
3
What is the units digit of 23796467?
7
What is the hundreds digit of 403356117?
1
What is the hundred thousands digit of 61909491?
9
What is the hundreds digit of 2682623330?
3
What is the hundreds digit of 135989086?
0
What is the tens digit of 231772150?
5
What is the hundred thousands digit of 408043886?
0
What is the hundred thousands digit of 3803619307?
6
What is the hundred thousands digit of 1320790281?
7
What is the thousands digit of 145000539?
0
What is the millions digit of 72477788?
2
What is the tens digit of 1011588217?
1
What is the tens digit of 208024767?
6
What is the units digit of 59005171?
1
What is the millions digit of 401708945?
1
What is the ten thousands digit of 1211853087?
5
What is the units digit of 82201165?
5
What is the millions digit of 197036701?
7
What is the units digit of 243861317?
7
What is the hundred thousands digit of 1416084903?
0
What is the thousands digit of 5747807?
7
What is the thousands digit of 47541492?
1
What is the hundred thousands digit of 51137398?
1
What is the ten millions digit of 1684347052?
8
What is the ten thousands digit of 39549961?
4
What is the hundreds digit of 671429034?
0
What is the units digit of 61146346?
6
What is the units digit of 15971659?
9
What is the units digit of 2130233402?
2
What is the ten thousands digit of 167908743?
0
What is the ten millions digit of 398663935?
9
What is the tens digit of 3586057182?
8
What is the hundred thousands digit of 33175114?
1
What is the ten millions digit of 102636272?
0
What is the units digit of 249513277?
7
What is the hundreds digit of 20445489?
4
What is the ten millions digit of 1675136833?
7
What is the ten millions digit of 115232178?
1
What is the ten millions digit of 127795327?
2
What is the ten thousands digit of 6166792488?
9
What is the millions digit of 5530562034?
0
What is the units digit of 1244861889?
9
What is the ten thousands digit of 40260849?
6
What is the millions digit of 3180381429?
0
What is the thousands digit of 1327727582?
7
What is the thousands digit of 1597040626?
0
What is the units digit of 34299880?
0
What is the ten millions digit of 758575388?
5
What is the hundred thousands digit of 64161184?
1
What is the hundred thousands digit of 154234893?
2
What is the ten thousands digit of 43162993?
6
What is the thousands digit of 5670380835?
0
What is the hundred thousands digit of 201678693?
6
What is the ten thousands digit of 202985823?
8
What is the hundreds digit of 2351908836?
8
What is the millions digit of 40445820?
0
What is the hundred thousands digit of 1150250657?
2
What is the thousands digit of 2554651573?
1
What is the tens digit of 3902074594?
9
What is the hundred millions digit of 968104222?
9
What is the hundreds digit of 3091292069?
0
What is the millions digit of 226899722?
6
What is the billions digit of 2134703819?
2
What is the hundred thousands digit of 4294848945?
8
What is the ten millions digit of 505423408?
0
What is the hundreds digit of 88625785?
7
What is the ten millions digit of 382607479?
8
What is the thousands digit of 49015675?
5
What is the tens digit of 5202071547?
4
What is the thousands digit of 59629941?
9
What is the 